[INFO] cloning repository https://github.com/DionysusInMansWorld/dnf_login
[INFO] running `Command { std: "git" "-c" "credential.helper=" "-c" "credential.helper=/workspace/cargo-home/bin/git-credential-null" "clone" "--bare" "https://github.com/DionysusInMansWorld/dnf_login" "/workspace/cache/git-repos/https%3A%2F%2Fgithub.com%2FDionysusInMansWorld%2Fdnf_login", kill_on_drop: false }`
[INFO] [stderr] Cloning into bare repository '/workspace/cache/git-repos/https%3A%2F%2Fgithub.com%2FDionysusInMansWorld%2Fdnf_login'...
[INFO] running `Command { std: "git" "rev-parse" "HEAD", kill_on_drop: false }`
[INFO] [stdout] 40f20014987a428161d8113458284d128d69350b
[INFO] checking DionysusInMansWorld/dnf_login against master#e6e4f7ed1589e03bc2f6c5931c1a72e7947e8682 for beta-170-4
[INFO] running `Command { std: "git" "clone" "/workspace/cache/git-repos/https%3A%2F%2Fgithub.com%2FDionysusInMansWorld%2Fdnf_login" "/workspace/builds/worker-4-tc2/source", kill_on_drop: false }`
[INFO] [stderr] Cloning into '/workspace/builds/worker-4-tc2/source'...
[INFO] [stderr] done.
[INFO] validating manifest of git repo https://github.com/DionysusInMansWorld/dnf_login on toolchain e6e4f7ed1589e03bc2f6c5931c1a72e7947e8682
[INFO] running `Command { std: CARGO_HOME="/workspace/cargo-home" RUSTUP_HOME="/workspace/rustup-home" "/workspace/cargo-home/bin/cargo" "+e6e4f7ed1589e03bc2f6c5931c1a72e7947e8682" "metadata" "--manifest-path" "Cargo.toml" "--no-deps", kill_on_drop: false }`
[INFO] started tweaking git repo https://github.com/DionysusInMansWorld/dnf_login
[INFO] finished tweaking git repo https://github.com/DionysusInMansWorld/dnf_login
[INFO] tweaked toml for git repo https://github.com/DionysusInMansWorld/dnf_login written to /workspace/builds/worker-4-tc2/source/Cargo.toml
[INFO] crate git repo https://github.com/DionysusInMansWorld/dnf_login already has a lockfile, it will not be regenerated
[INFO] running `Command { std: CARGO_HOME="/workspace/cargo-home" RUSTUP_HOME="/workspace/rustup-home" "/workspace/cargo-home/bin/cargo" "+e6e4f7ed1589e03bc2f6c5931c1a72e7947e8682" "fetch" "--manifest-path" "Cargo.toml", kill_on_drop: false }`
[INFO] running `Command { std: "docker" "create" "-v" "/var/lib/crater-agent-workspace/builds/worker-4-tc2/target:/opt/rustwide/target:rw,Z" "-v" "/var/lib/crater-agent-workspace/builds/worker-4-tc2/source:/opt/rustwide/workdir:ro,Z" "-v" "/var/lib/crater-agent-workspace/cargo-home:/opt/rustwide/cargo-home:ro,Z" "-v" "/var/lib/crater-agent-workspace/rustup-home:/opt/rustwide/rustup-home:ro,Z" "-e" "SOURCE_DIR=/opt/rustwide/workdir" "-e" "CARGO_TARGET_DIR=/opt/rustwide/target" "-e" "CARGO_HOME=/opt/rustwide/cargo-home" "-e" "RUSTUP_HOME=/opt/rustwide/rustup-home" "-w" "/opt/rustwide/workdir" "-m" "1610612736" "--user" "0:0" "--network" "none" "ghcr.io/rust-lang/crates-build-env/linux@sha256:19e73879b68f455e41552ea35293514db52ea292d993f571636dbffedb77a1ee" "/opt/rustwide/cargo-home/bin/cargo" "+e6e4f7ed1589e03bc2f6c5931c1a72e7947e8682" "metadata" "--no-deps" "--format-version=1", kill_on_drop: false }`
[INFO] [stdout] 58219501bca231270d7be7a215f70cf532823fa9041f5f945ce4c3ff21542982
[INFO] running `Command { std: "docker" "start" "-a" "58219501bca231270d7be7a215f70cf532823fa9041f5f945ce4c3ff21542982", kill_on_drop: false }`
[INFO] running `Command { std: "docker" "inspect" "58219501bca231270d7be7a215f70cf532823fa9041f5f945ce4c3ff21542982", kill_on_drop: false }`
[INFO] running `Command { std: "docker" "rm" "-f" "58219501bca231270d7be7a215f70cf532823fa9041f5f945ce4c3ff21542982", kill_on_drop: false }`
[INFO] [stdout] 58219501bca231270d7be7a215f70cf532823fa9041f5f945ce4c3ff21542982
[INFO] running `Command { std: "docker" "create" "-v" "/var/lib/crater-agent-workspace/builds/worker-4-tc2/target:/opt/rustwide/target:rw,Z" "-v" "/var/lib/crater-agent-workspace/builds/worker-4-tc2/source:/opt/rustwide/workdir:ro,Z" "-v" "/var/lib/crater-agent-workspace/cargo-home:/opt/rustwide/cargo-home:ro,Z" "-v" "/var/lib/crater-agent-workspace/rustup-home:/opt/rustwide/rustup-home:ro,Z" "-e" "SOURCE_DIR=/opt/rustwide/workdir" "-e" "CARGO_TARGET_DIR=/opt/rustwide/target" "-e" "CARGO_INCREMENTAL=0" "-e" "RUST_BACKTRACE=full" "-e" "RUSTFLAGS=--cap-lints=forbid" "-e" "RUSTDOCFLAGS=--cap-lints=forbid" "-e" "CARGO_HOME=/opt/rustwide/cargo-home" "-e" "RUSTUP_HOME=/opt/rustwide/rustup-home" "-w" "/opt/rustwide/workdir" "-m" "1610612736" "--user" "0:0" "--network" "none" "ghcr.io/rust-lang/crates-build-env/linux@sha256:19e73879b68f455e41552ea35293514db52ea292d993f571636dbffedb77a1ee" "/opt/rustwide/cargo-home/bin/cargo" "+e6e4f7ed1589e03bc2f6c5931c1a72e7947e8682" "check" "--frozen" "--all" "--all-targets" "--message-format=json", kill_on_drop: false }`
[INFO] [stdout] 842de2d65b1ee86581c9798a3a6d9f6d00cd71cfba33b6a97e9fc058fe52b179
[INFO] running `Command { std: "docker" "start" "-a" "842de2d65b1ee86581c9798a3a6d9f6d00cd71cfba33b6a97e9fc058fe52b179", kill_on_drop: false }`
[INFO] [stderr]    Compiling libc v0.2.126
[INFO] [stderr]    Compiling proc-macro2 v1.0.39
[INFO] [stderr]    Compiling version_check v0.9.4
[INFO] [stderr]    Compiling unicode-ident v1.0.0
[INFO] [stderr]    Compiling cc v1.0.73
[INFO] [stderr]    Compiling typenum v1.15.0
[INFO] [stderr]    Compiling syn v1.0.95
[INFO] [stderr]    Compiling pkg-config v0.3.25
[INFO] [stderr]    Compiling libm v0.2.2
[INFO] [stderr]    Compiling num-traits v0.2.15
[INFO] [stderr]     Checking spin v0.5.2
[INFO] [stderr]     Checking static_assertions v1.1.0
[INFO] [stderr]    Compiling num-integer v0.1.45
[INFO] [stderr]    Compiling memchr v2.5.0
[INFO] [stderr]    Compiling clang-sys v1.3.2
[INFO] [stderr]     Checking lexical-util v0.8.5
[INFO] [stderr]    Compiling crossbeam-utils v0.8.8
[INFO] [stderr]     Checking lazy_static v1.4.0
[INFO] [stderr]    Compiling memoffset v0.6.5
[INFO] [stderr]    Compiling frunk_core v0.4.0
[INFO] [stderr]    Compiling minimal-lexical v0.2.1
[INFO] [stderr]     Checking ppv-lite86 v0.2.16
[INFO] [stderr]    Compiling generic-array v0.14.5
[INFO] [stderr]    Compiling libloading v0.7.3
[INFO] [stderr]     Checking subtle v2.4.1
[INFO] [stderr]    Compiling regex-syntax v0.6.26
[INFO] [stderr]     Checking once_cell v1.12.0
[INFO] [stderr]    Compiling bindgen v0.59.2
[INFO] [stderr]     Checking base64ct v1.5.0
[INFO] [stderr]    Compiling quote v1.0.18
[INFO] [stderr]    Compiling serde v1.0.137
[INFO] [stderr]    Compiling nom v7.1.1
[INFO] [stderr]     Checking lexical-write-integer v0.8.5
[INFO] [stderr]     Checking lexical-parse-integer v0.8.5
[INFO] [stderr]    Compiling ahash v0.7.6
[INFO] [stderr]    Compiling crossbeam-epoch v0.9.8
[INFO] [stderr]    Compiling openssl-sys v0.9.73
[INFO] [stderr]    Compiling libz-sys v1.1.6
[INFO] [stderr]     Checking pem-rfc7468 v0.3.1
[INFO] [stderr]    Compiling num-bigint v0.4.3
[INFO] [stderr]    Compiling rustc-hash v1.1.0
[INFO] [stderr]     Checking tinyvec_macros v0.1.0
[INFO] [stderr]     Checking const-oid v0.7.1
[INFO] [stderr]    Compiling shlex v1.1.0
[INFO] [stderr]     Checking bitflags v1.3.2
[INFO] [stderr]    Compiling lazycell v1.3.0
[INFO] [stderr]    Compiling crc32fast v1.3.2
[INFO] [stderr]    Compiling radium v0.6.2
[INFO] [stderr]    Compiling peeking_take_while v0.1.2
[INFO] [stderr]     Checking tinyvec v1.6.0
[INFO] [stderr]     Checking lexical-parse-float v0.8.5
[INFO] [stderr]    Compiling subprocess v0.2.9
[INFO] [stderr]     Checking lexical-write-float v0.8.5
[INFO] [stderr]    Compiling cmake v0.1.48
[INFO] [stderr]     Checking getrandom v0.2.6
[INFO] [stderr]    Compiling num-iter v0.1.43
[INFO] [stderr]     Checking rand_core v0.6.3
[INFO] [stderr]    Compiling serde_json v1.0.81
[INFO] [stderr]    Compiling rust_decimal v1.23.1
[INFO] [stderr]     Checking block-buffer v0.10.2
[INFO] [stderr]     Checking crypto-common v0.1.3
[INFO] [stderr]     Checking crypto-bigint v0.3.2
[INFO] [stderr]     Checking rand_chacha v0.3.1
[INFO] [stderr]     Checking zeroize v1.5.5
[INFO] [stderr]     Checking digest v0.10.3
[INFO] [stderr]    Compiling openssl v0.10.40
[INFO] [stderr]     Checking foreign-types-shared v0.1.1
[INFO] [stderr]     Checking tap v1.0.1
[INFO] [stderr]     Checking byteorder v1.4.3
[INFO] [stderr]     Checking cpufeatures v0.2.2
[INFO] [stderr]     Checking rand v0.8.5
[INFO] [stderr]    Compiling log v0.4.17
[INFO] [stderr]     Checking smallvec v1.8.0
[INFO] [stderr]    Compiling crossbeam-queue v0.3.5
[INFO] [stderr]     Checking matches v0.1.9
[INFO] [stderr]    Compiling cexpr v0.6.0
[INFO] [stderr]     Checking wyz v0.4.0
[INFO] [stderr]    Compiling regex v1.5.6
[INFO] [stderr]     Checking foreign-types v0.3.2
[INFO] [stderr]     Checking aho-corasick v0.7.18
[INFO] [stderr]     Checking unicode-normalization v0.1.19
[INFO] [stderr]     Checking lexical-core v0.8.5
[INFO] [stderr]     Checking der v0.5.1
[INFO] [stderr]    Compiling io-enum v1.0.1
[INFO] [stderr]     Checking funty v1.2.0
[INFO] [stderr]     Checking num_threads v0.1.6
[INFO] [stderr]     Checking ryu v1.0.10
[INFO] [stderr]    Compiling num-bigint-dig v0.8.1
[INFO] [stderr]    Compiling native-tls v0.2.10
[INFO] [stderr]     Checking base64 v0.13.0
[INFO] [stderr]     Checking unicode-bidi v0.3.8
[INFO] [stderr]     Checking arrayvec v0.7.2
[INFO] [stderr]    Compiling frunk_proc_macro_helpers v0.1.0
[INFO] [stderr]     Checking spki v0.5.4
[INFO] [stderr]     Checking itoa v1.0.2
[INFO] [stderr]     Checking idna v0.2.3
[INFO] [stderr]     Checking bitvec v0.22.3
[INFO] [stderr]     Checking pkcs8 v0.8.0
[INFO] [stderr]    Compiling derive_utils v0.11.2
[INFO] [stderr]     Checking form_urlencoded v1.0.1
[INFO] [stderr]     Checking time v0.3.9
[INFO] [stderr]     Checking flate2 v1.0.23
[INFO] [stderr]     Checking hashbrown v0.11.2
[INFO] [stderr]     Checking crossbeam-deque v0.8.1
[INFO] [stderr]     Checking lexical v6.1.1
[INFO] [stderr]     Checking bigdecimal v0.3.0
[INFO] [stderr]     Checking sha-1 v0.10.0
[INFO] [stderr]     Checking sha2 v0.10.2
[INFO] [stderr]     Checking crossbeam-channel v0.5.4
[INFO] [stderr]    Compiling mysql v22.1.0
[INFO] [stderr]     Checking openssl-probe v0.1.5
[INFO] [stderr]     Checking uuid v0.8.2
[INFO] [stderr]     Checking saturating v0.1.0
[INFO] [stderr]     Checking lru v0.7.5
[INFO] [stderr]     Checking url v2.2.2
[INFO] [stderr]     Checking crossbeam v0.8.1
[INFO] [stderr]     Checking pkcs1 v0.3.3
[INFO] [stderr]     Checking pem v1.0.2
[INFO] [stderr]     Checking twox-hash v1.6.3
[INFO] [stderr]     Checking socket2 v0.4.4
[INFO] [stderr]     Checking nix v0.23.1
[INFO] [stderr]     Checking bufstream v0.1.4
[INFO] [stderr]     Checking hex v0.4.3
[INFO] [stderr]     Checking md5 v0.7.0
[INFO] [stderr]    Compiling frunk_proc_macros_impl v0.1.0
[INFO] [stderr]    Compiling frunk_derives v0.4.0
[INFO] [stderr]    Compiling thiserror-impl v1.0.31
[INFO] [stderr]    Compiling openssl-macros v0.1.0
[INFO] [stderr]     Checking rsa v0.6.1
[INFO] [stderr]     Checking frunk_proc_macros v0.1.0
[INFO] [stderr]     Checking frunk v0.4.0
[INFO] [stderr]     Checking thiserror v1.0.31
[INFO] [stderr]    Compiling mysql_common v0.28.2
[INFO] [stderr]     Checking dnf_login v0.1.0 (/opt/rustwide/workdir)
[INFO] [stdout] error[E0433]: failed to resolve: could not find `windows` in `os`
[INFO] [stdout]  --> src/bin/main.rs:2:33
[INFO] [stdout]   |
[INFO] [stdout] 2 | use std::{process::Command, os::windows::process::CommandExt};
[INFO] [stdout]   |                                 ^^^^^^^ could not find `windows` in `os`
[INFO] [stdout] 
[INFO] [stdout] 
[INFO] [stdout] warning: unused import: `prelude`
[INFO] [stdout]  --> src/bin/server.rs:1:32
[INFO] [stdout]   |
[INFO] [stdout] 1 | use mysql::{OptsBuilder, Pool, prelude::*, PooledConn};
[INFO] [stdout]   |                                ^^^^^^^
[INFO] [stdout]   |
[INFO] [stdout]   = note: `#[warn(unused_imports)]` on by default
[INFO] [stdout] 
[INFO] [stdout] 
[INFO] [stdout] error[E0433]: failed to resolve: could not find `windows` in `os`
[INFO] [stdout]  --> src/bin/main.rs:2:33
[INFO] [stdout]   |
[INFO] [stdout] 2 | use std::{process::Command, os::windows::process::CommandExt};
[INFO] [stdout]   |                                 ^^^^^^^ could not find `windows` in `os`
[INFO] [stdout] 
[INFO] [stdout] 
[INFO] [stdout] warning: unused import: `prelude`
[INFO] [stdout]  --> src/bin/server.rs:1:32
[INFO] [stdout]   |
[INFO] [stdout] 1 | use mysql::{OptsBuilder, Pool, prelude::*, PooledConn};
[INFO] [stdout]   |                                ^^^^^^^
[INFO] [stdout]   |
[INFO] [stdout]   = note: `#[warn(unused_imports)]` on by default
[INFO] [stdout] 
[INFO] [stdout] 
[INFO] [stdout] warning: 1 warning emitted
[INFO] [stdout] 
[INFO] [stdout] 
[INFO] [stdout] warning: 1 warning emitted
[INFO] [stdout] 
[INFO] [stdout] 
[INFO] [stdout] error[E0599]: no method named `creation_flags` found for mutable reference `&mut std::process::Command` in the current scope
[INFO] [stdout]   --> src/bin/main.rs:46:10
[INFO] [stdout]    |
[INFO] [stdout] 44 | /     Command::new("./dnf")
[INFO] [stdout] 45 | |         .arg(enc_data)
[INFO] [stdout] 46 | |         .creation_flags(0x08000000)
[INFO] [stdout]    | |         -^^^^^^^^^^^^^^ method not found in `&mut Command`
[INFO] [stdout]    | |_________|
[INFO] [stdout]    | 
[INFO] [stdout] 
[INFO] [stdout] 
[INFO] [stdout] error[E0599]: no method named `creation_flags` found for mutable reference `&mut std::process::Command` in the current scope
[INFO] [stdout]   --> src/bin/main.rs:46:10
[INFO] [stdout]    |
[INFO] [stdout] 44 | /     Command::new("./dnf")
[INFO] [stdout] 45 | |         .arg(enc_data)
[INFO] [stdout] 46 | |         .creation_flags(0x08000000)
[INFO] [stdout]    | |         -^^^^^^^^^^^^^^ method not found in `&mut Command`
[INFO] [stdout]    | |_________|
[INFO] [stdout]    | 
[INFO] [stdout] 
[INFO] [stdout] 
[INFO] [stdout] error: aborting due to 2 previous errors
[INFO] [stdout] 
[INFO] [stdout] 
[INFO] [stdout] Some errors have detailed explanations: E0433, E0599.
[INFO] [stdout] 
[INFO] [stdout] For more information about an error, try `rustc --explain E0433`.
[INFO] [stdout] 
[INFO] [stdout] error: aborting due to 2 previous errors
[INFO] [stdout] 
[INFO] [stdout] 
[INFO] [stdout] Some errors have detailed explanations: E0433, E0599.
[INFO] [stdout] 
[INFO] [stdout] For more information about an error, try `rustc --explain E0433`.
[INFO] [stdout] 
[INFO] [stderr] error: could not compile `dnf_login` (bin "main") due to 3 previous errors
[INFO] [stderr] warning: build failed, waiting for other jobs to finish...
[INFO] [stderr] error: could not compile `dnf_login` (bin "main" test) due to 3 previous errors
[INFO] running `Command { std: "docker" "inspect" "842de2d65b1ee86581c9798a3a6d9f6d00cd71cfba33b6a97e9fc058fe52b179", kill_on_drop: false }`
[INFO] running `Command { std: "docker" "rm" "-f" "842de2d65b1ee86581c9798a3a6d9f6d00cd71cfba33b6a97e9fc058fe52b179", kill_on_drop: false }`
[INFO] [stdout] 842de2d65b1ee86581c9798a3a6d9f6d00cd71cfba33b6a97e9fc058fe52b179
